What is the units digit of 393238?
8
What is the tens digit of 4769707?
0
What is the ten thousands digit of 304310?
0
What is the ten thousands digit of 345949?
4
What is the hundreds digit of 127199?
1
What is the hundred thousands digit of 134995?
1
What is the units digit of 960970?
0
What is the ten thousands digit of 21750?
2
What is the tens digit of 328721?
2
What is the hundreds digit of 235908?
9
What is the ten thousands digit of 1218772?
1
What is the ten thousands digit of 2079440?
7
What is the ten thousands digit of 176767?
7
What is the tens digit of 686234?
3
What is the units digit of 375613?
3
What is the hundreds digit of 225038?
0
What is the millions digit of 3474949?
3
What is the hundred thousands digit of 2439188?
4
What is the thousands digit of 2278965?
8
What is the units digit of 25129?
9
What is the ten thousands digit of 2121079?
2
What is the tens digit of 243846?
4
What is the hundreds digit of 63571?
5
What is the hundreds digit of 113513?
5
What is the hundred thousands digit of 509920?
5
What is the hundred thousands digit of 521451?
5
What is the thousands digit of 1080707?
0
What is the hundreds digit of 279368?
3
What is the units digit of 2387219?
9
What is the ten millions digit of 15678303?
1
What is the hundred thousands digit of 13693880?
6
What is the ten thousands digit of 14467164?
6
What is the hundred thousands digit of 479426?
4
What is the tens digit of 85444?
4
What is the thousands digit of 6496308?
6
What is the hundreds digit of 45197?
1
What is the tens digit of 323253?
5
What is the thousands digit of 425693?
5
What is the units digit of 2363949?
9
What is the tens digit of 715085?
8
What is the thousands digit of 317231?
7
What is the thousands digit of 252800?
2
What is the thousands digit of 21969493?
9
What is the thousands digit of 46902?
6
What is the units digit of 10837329?
9
What is the hundreds digit of 1765991?
9
What is the units digit of 58048?
8
What is the hundreds digit of 9368194?
1
What is the units digit of 210467?
7
What is the ten thousands digit of 16407269?
0
What is the ten thousands digit of 6098456?
9
What is the tens digit of 327970?
7
What is the hundreds digit of 3403514?
5
What is the thousands digit of 4869861?
9
What is the hundreds digit of 256088?
0
What is the tens digit of 23190110?
1
What is the ten thousands digit of 2097493?
9
What is the hundred thousands digit of 17717710?
7
What is the hundreds digit of 315410?
4
What is the hundreds digit of 81353?
3
What is the hundred thousands digit of 272236?
2
What is the ten thousands digit of 16216799?
1
What is the millions digit of 2434695?
2
What is the units digit of 286990?
0
What is the tens digit of 1343070?
7
What is the thousands digit of 8867439?
7
What is the units digit of 1487090?
0
What is the tens digit of 450665?
6
What is the ten thousands digit of 633131?
3
What is the hundred thousands digit of 107207?
1
What is the thousands digit of 537325?
7
What is the hundreds digit of 48759?
7
What is the tens digit of 5455751?
5
What is the thousands digit of 26316?
6
What is the thousands digit of 2490948?
0
What is the units digit of 14714092?
2
What is the tens digit of 572815?
1
What is the units digit of 1488464?
4
What is the hundred thousands digit of 1785441?
7
What is the hundreds digit of 891650?
6
What is the tens digit of 137553?
5
What is the units digit of 164717?
7
What is the millions digit of 1890876?
1
What is the units digit of 8853829?
9
What is the hundred thousands digit of 845337?
8
What is the hundred thousands digit of 838110?
8
What is the hundred thousands digit of 5449235?
4
What is the hundred thousands digit of 4472665?
4
What is the hundreds digit of 2446633?
6
What is the hundreds digit of 105958?
9
What is the tens digit of 1284199?
9
What is the hundreds digit of 967230?
2
What is the units digit of 53889?
9
What is the millions digit of 3991240?
3
What is the hundreds digit of 21892?
8
What is the thousands digit of 312285?
2
What is the tens digit of 3743937?
3
What is the ten thousands digit of 440547?
4
What is the hundreds digit of 38661952?
9
What is the hundreds digit of 252670?
6
What is the hundred thousands digit of 19218649?
2
What is the thousands digit of 380609?
0
What is the hundreds digit of 1051865?
8
What is the units digit of 698583?
3
What is the units digit of 227496?
6
What is the thousands digit of 1500064?
0
What is the ten thousands digit of 214055?
1
What is the hundreds digit of 1258536?
5
What is the units digit of 1166151?
1
What is the units digit of 679498?
8
What is the thousands digit of 242347?
2
What is the thousands digit of 133243?
3
What is the millions digit of 1706826?
1
What is the tens digit of 341038?
3
What is the thousands digit of 361009?
1
What is the ten thousands digit of 196245?
9
What is the hundreds digit of 357649?
6
What is the ten thousands digit of 13974790?
7
What is the thousands digit of 468916?
8
What is the units digit of 645072?
2
What is the thousands digit of 48094?
8
What is the units digit of 269066?
6
What is the units digit of 1115745?
5
What is the hundreds digit of 291318?
3
What is the tens digit of 1163492?
9
What is the hundred thousands digit of 623077?
6
What is the hundred thousands digit of 644681?
6
What is the hundreds digit of 1107090?
0
What is the ten thousands digit of 341314?
4
What is the hundreds digit of 19114963?
9
What is the tens digit of 5756165?
6
What is the ten thousands digit of 261168?
6
What is the ten thousands digit of 367794?
6
What is the thousands digit of 2914960?
4
What is the hundred thousands digit of 343104?
3
What is the thousands digit of 2047370?
7
What is the hundreds digit of 7827043?
0
What is the units digit of 2456869?
9
What is the hundreds digit of 28618436?
4
What is the units digit of 5115289?
9
What is the units digit of 716299?
9
What is the thousands digit of 240466?
0
What is the thousands digit of 563838?
3
What is the tens digit of 240692?
9
What is the units digit of 4002883?
3
What is the tens digit of 128058?
5
What is the hundred thousands digit of 1986180?
9
What is the thousands digit of 9240463?
0
What is the tens digit of 163192?
9
What is the tens digit of 8546852?
5
What is the thousands digit of 132797?
2
What is the hundred thousands digit of 34367262?
3
What is the units digit of 1588636?
6
What is the hundred thousands digit of 14000892?
0
What is the tens digit of 373847?
4
What is the ten thousands digit of 15117362?
1
What is the ten thousands digit of 7784421?
8
What is the ten thousands digit of 459532?
5
What is the hundred thousands digit of 746983?
7
What is the hundred thousands digit of 3472089?
4
What is the millions digit of 4048489?
4
What is the hundreds digit of 546229?
2
What is the hundreds digit of 1727252?
2
What is the hundreds digit of 859835?
8
What is the thousands digit of 155268?
5
What is the hundred thousands digit of 619209?
6
What is the hundred thousands digit of 293646?
2
What is the units digit of 947201?
1
What is the hundreds digit of 9760?
7
What is the thousands digit of 186781?
6
What is the ten thousands digit of 29670?
2
What is the units digit of 995219?
9
What is the ten millions digit of 21945105?
2
What is the units digit of 1120749?
9
What is the hundred thousands digit of 348409?
3
What is the ten thousands digit of 23272974?
7
What is the hundreds digit of 136953?
9
What is the units digit of 422385?
5
What is the ten thousands digit of 123334?
2
What is the hundreds digit of 94177?
1
What is the millions digit of 3154718?
3
What is the thousands digit of 177663?
7
What is the hundreds digit of 5200618?
6
What is the hundreds digit of 2900079?
0
What is the tens digit of 1191498?
9
What is the hundreds digit of 6941778?
7
What is the ten thousands digit of 1465379?
6
What is the ten thousands digit of 11739595?
3
What is the tens digit of 727620?
2
What is the units digit of 522716?
6
What is the ten thousands digit of 705283?
0
What is the tens digit of 970614?
1
What is the thousands digit of 657338?
7
What is the ten thousands digit of 344788?
4
What is the millions digit of 1129719?
1
What is the hundreds digit of 1067404?
4
What is the ten millions digit of 29309970?
2
Wh